4*i + 11. Let s(z) = 11*z**3 + 9*z - 7. Let j(d) = 8*s(d) + 5*y(d). Determine j(1).
4
Let d(z) = 6*z - 8. Let n(k) = k - 1. Let l be ((-6)/5)/((-9)/30). Let b = 3 - l. Let t(u) = b*d(u) + 4*n(u). Determine t(5).
-6
Let s = -9 + 14. Suppose 0 = s*a - 0 - 15. Let q(u) = 0*u**3 + u**3 - u**2 - a - 3 - u. Calculate q(0).
-6
Let q(h) = -h**2 + 5*h - 4. Let t(p) = p**2 - 4*p - 16. Let l be t(7). Give q(l).
-4
Let h = 8 + -14. Let y be ((-4)/h)/(14/105). Let i(v) = v**2 - 4*v - 5. Calculate i(y).
0
Let h = -3 - -5. Let o(z) = 2 - z**2 - 2 - 4*z + 2*z**h + 3. Let m be (5 - 1)/((-1)/(-1)). Give o(m).
3
Let j(z) = z**2 + 11*z + 3. Let q = 90 + -101. What is j(q)?
3
Let g(o) = o - 3*o + o + 0*o - 1. Let z be (-1)/(1/((-4)/(-2))). What is g(z)?
1
Let k(o) be the second derivative of o**4/12 - 2*o**3/3 - o**2/2 - 6*o. Determine k(3).
-4
Let x(d) be the first derivative of -d**3/3 - 3*d**2 - 5*d + 1. Let t = -49 + 44. Give x(t).
0
Suppose -a - 10 = -3*v, 4*v - 19 - 5 = -4*a. Suppose -4*f = -v*d + 20, -5*f - 2 - 5 = 4*d. Let h(n) = -3 - 2 + n**3 + 3*n**d + 5*n + 3*n**2. What is h(-5)?
-5
Let v(p) = 2*p - 8. Let l(z) = 5*z - 17. Let b(r) = -6*l(r) + 13*v(r). Suppose -5*q + 10 = -4*t, -5*q - 4*t = 8 + 22. Determine b(q).
6
Suppose 2*m - 2 = -2*w, -4*m - 5*w = -4*w + 8. Let h(b) = 7*b**3 + 1. Let k be h(1). Let s(p) = -3 + k + 2*p - 1. Calculate s(m).
-2
Let i(g) = -54*g**2 - g**3 + 4*g + 117*g**2 - 59*g**2. What is i(4)?
16
Let v(p) be the third derivative of -p**7/840 + p**6/120 + p**5/24 - p**4/4 + p**3/6 - 3*p**2. Let b(i) be the first derivative of v(i). Determine b(4).
-2
Suppose -4*d = -5*h - 25, 18 = -h + 5*d - 8. Let m(x) = -2*x + 4. Let g(p) = -7*p + 11. Let o(q) = 3*g(q) - 8*m(q). Give o(h).
6
Suppose 2*v = 4*v + 2*l - 16, -4*l = 3*v - 28. Let y(t) = -t**2 + 5*t - 1. Let c(z) = -3*z**2 + 14*z - 2. Let f(b) = 3*c(b) - 8*y(b). Give f(v).
-6
Let k(g) be the third derivative of -7/24*g**4 - 5/6*g**3 + 1/120*g**6 + 1/12*g**5 + 0 + g**2 + 0*g. Suppose 0*f + 30 = -5*f. What is k(f)?
1
Let t(o) be the first derivative of -o**3/3 - o**2 + o + 14. Give t(2).
-7
Let t(m) = -12*m + 1. Let y(v) = -v**3 - 6*v**2 - v - 5. Suppose 0*p + 26 = -5*p + 2*n, -3*n + 24 = -5*p. Let i be y(p). Determine t(i).
-11
Let o(t) be the first derivative of 2*t**2 - 6*t + 21. Calculate o(6).
18
Suppose -15*n + 18*n - 6 = 0. Let m(k) = 2*k - 1. Let v(c) = c. Let u(f) = -m(f) + 3*v(f). What is u(n)?
3
Let j(a) = -a**3 - 3*a**2 + 4*a + 4. Suppose -h + u = -6, 4*u - 41 = -5*h - 2. Suppose -4*s - p = -s + h, -2*s - p - 3 = 0. Calculate j(s).
4
Suppose -5*q - t = 3, -5*q + 3*t + t = -12. Let d(j) = 3 + 0*j**3 - j**3 - 2*j + q*j - 4*j**2. Give d(-3).
0
Let c(g) = g - 7. Let d be c(3). Let z = d - -6. Let r(b) be the first derivative of -b**3/3 + 5*b**2/2 - b + 1. What is r(z)?
5
Let q(d) be the third derivative of 1/720*d**6 - 1/30*d**5 + 0*d + 0 + 0*d**3 + d**2 + 1/12*d**4. Let h(v) be the second derivative of q(v). Give h(4).
0
Let w(v) = -v**3 - 6*v**2 - v + 7. Let i = 71 + -77. Determine w(i).
13
Let m be 0 - ((0 - 0) + -2). Let b(x) = x**3 - 2*x**2 - 2*x + 2. Let v(z) be the third derivative of -z**4/24 + 3*z**2. Let l(o) = -b(o) + 3*v(o). What is l(m)?
-4
Let h(w) = -18*w + 9. Let l(p) = -9*p + 4. Let j(a) = -3*h(a) + 7*l(a). Calculate j(1).
-8
Let g(r) = -4 - 2*r - 3 + 3*r + r**2. Let w(k) = k**2 + 2*k. Let f be w(-2). Give g(f).
-7
Suppose -4*d = 3 - 11. Let v = d - -2. Suppose 0 = 5*b - j + 14 - 2, 0 = -v*b - 2*j - 18. Let r(o) = 3*o + 1. Determine r(b).
-8
Let w(h) = -5*h**3 + h**2 - 9*h - 3. Let o(c) = c**3 - c**2 + c. Let q(k) = 6*o(k) + w(k). Calculate q(6).
15
Let o(x) = 5 - 6 + 2*x**2 - 2*x + 0*x. Suppose -4 - 1 = 2*z + 3*q, 3*q = -3. Let k = -1 + z. Calculate o(k).
11
Suppose 13 = 7*a + 6. Let n(y) = 8*y + 1. Calculate n(a).
9
Let r(m) = m**3 - 7*m**2 + 6*m. Let u be r(6). Suppose -2*h - y + 1 = 0, -h + y = -u*h + 1. Suppose h = 7*t - 9*t. Let z(f) = -f**2 + 2. Determine z(t).
2
Let v(u) be the third derivative of -u**5/60 - u**4/3 - 7*u**3/6 - 2*u**2. Give v(-7).
0
Let i(p) = p**3 - 4*p**2 + 9*p + 3. Let x(q) = q**3 - 4*q**2 + 10*q + 4. Suppose -b = 4*b - 65. Let w = b + -20. Let m(v) = w*i(v) + 6*x(v). What is m(3)?
3
Let n(a) be the second derivative of a**4/12 - 5*a**3/6 + 3*a**2/2 + a. Let s = -51 - -54. Determine n(s).
-3
Let v = 14 - 20. Let b(f) = -f - 1. Determine b(v).
5
Let f(q) = -1. Let p(h) = h**2 + 5*h - 4. Let z(l) = -f(l) - p(l). Calculate z(-5).
5
Let c(l) = l + 2. Let q be (-9)/(-3)*-1 - -3. Let n(r) = -r**2 + r + 4. Let j be n(q). What is c(j)?
6
Let t be (3/(-2))/((-3)/(-4)). Let a(b) = b**2 - b + 8. Let h(y) = -1. Let s(f) = -2*a(f) - 18*h(f). Calculate s(t).
-10
Let j(v) = -2 - 7*v + 3 - v**3 - 3*v**2 + 10*v**2 + 7. Let g be j(6). Let z(q) = -10*q + 1. Let p(m) = -29*m + 3. Let w(o) = -6*p(o) + 17*z(o). Calculate w(g).
7
Let k(j) = -j**3 - 3*j**2 + 2*j + 4. Suppose 2*o = 5*n + 14, -o - n = -5*o - 8. Give k(o).
-2
Let t(z) be the first derivative of -z**3/3 + 3*z**2 + 5*z - 2. Suppose 0 = 18*i - 20*i + 8. Determine t(i).
13
Let d(v) = -v**2 - 8*v + 2. Let q be d(-7). Let a(o) = o**3 - 8*o**2 - 10*o + 7. Give a(q).
-2
Let i(m) = 2*m**2 - 4*m + 3. Let l be i(2). Let s(z) = 6*z**l - z**3 + 1 + 3*z**2 + 2*z - z**2. Give s(-1).
-4
Let k(r) = 4*r + 2. Let l = -6 + 18. Let f be 1*2 - l/(-2). Let y be (-12)/18 + f/(-6). Determine k(y).
-6
Let u(z) = z**3 - 4*z**2 + 1. Let y = -2 - -3. Let d be ((-9)/(-6))/(y/2). Calculate u(d).
-8
Let u(z) = 4 + 0 + z + 4 - 7. Suppose -2*l = -4*d + 2*l - 40, 0 = 2*d - 5*l + 32. What is u(d)?
-5
Let p be -1 + (-2)/(-1) - -1. Let k = -2 - p. Let b(t) = 43 + 5*t - 88 + 47 + t**2. Give b(k).
-2
Let w(l) = -l**3 - l**2 + l. Let z = -26 - -39. Suppose 0*d + d + 1 = -3*n, -4*n + d = z. What is w(n)?
2
Let k = 15 - 5. Let n be (k/(-4))/(4/8). Let r(t) be the second derivative of t**4/12 + 5*t**3/6 + t**2/2 - t. Calculate r(n).
1
Let l(r) = 0*r**2 + r**2 - 26*r - 27*r + 44*r. Give l(9).
0
Let q(y) be the first derivative of y**3/3 + 5*y**2/2 - 3*y + 2. Let k be q(-6). Suppose -5*w = -k*w. Let s(f) = -f - 1. Give s(w).
-1
Let r = -2 + 4. Suppose 0 = r*k - 5*q - 1 + 17, -q = -4. Let f(h) = 0*h - h**2 - 5*h + k*h**2 - 4 + 0*h. Calculate f(5).
-4
Let y(o) = -11*o + 3 + 9*o - 2. Determine y(3).
-5
Let d(x) = -3*x - 4. Let w = -7 - -15. Suppose -2 = 4*g - 5*g. Suppose -20 = 4*c - z, -g*c - 3*z + w = -c. Determine d(c).
8
Let d be 3/(-2)*(-12)/9. Suppose d*h = 3*h. Let u(b) = b**3 + 9. Calculate u(h).
9
Let z be 4/2*3/2. Let r(w) be the third derivative of w**6/360 - w**5/30 - 5*w**4/24 + 8*w**2. Let x(q) be the second derivative of r(q). What is x(z)?
2
Let b(r) = r - 1. Suppose h - 4*h = 0. Let g = h - 4. Give b(g).
-5
Suppose 15 = -4*w + 3. Let u(z) = -2*z**2 - z + 2. Let x(l) = -2*l**2 - 2*l + 1. Let t(b) = 3*u(b) - 4*x(b). Give t(w).
5
Let o(c) = -16*c**2 - 7*c**3 + 9*c**3 + 14*c**2 - c. What is o(-1)?
-3
Let a(x) be the second derivative of 0 - x**4 - x + 0*x**2 - 1/6*x**3. Give a(-1).
-11
Let c(g) = -5*g + 0*g**2 - 2*g**2 - 2 - 4 + 3*g**2. Give c(6).
0
Let b(g) = -g**2 + 7*g. Let d(s) = s**3 - s**2 + 3*s + 7. Let w be d(0). Give b(w).
0
Let y = 4 + -1. Let p(f) = -1 + 0 - f - 3*f**3 + f**2 + 0*f**y + 4*f**3. Determine p(-2).
-3
Let p(o) be the first derivative of o**3/3 - 7*o - 5. Let b = 1 + -1. Determine p(b).
-7
Let q(a) = 4*a**2 + 5*a + 6. Let h be q(-4). Suppose p = -t - 3 + 2, -4*p = -5*t - h. Let g(v) = 0*v**3 + 10*v**2 - 17*v**2 - 5*v - v**3 + 1. What is g(t)?
-5
Let h(a) be the third derivative of -a**4/12 - 5*a**3/6 + 10*a**2. Calculate h(-6).
7
Let w(y) = -y - 4. Let o be w(-8). Suppose o*t - 5 = d, 13 = -5*d + 4*t - 12. Let b = d + 8. Let p(f) = 2*f + 1. What is p(b)?
7
Let o(w) = 28 - w - 10 - 17. Calculate o(-3).
4
Suppose -3*r + 11 = -2*b, -3*b - 3*r - 19 = -5*r. Let a(z) = z + 13. Give a(b).
6
Let q(h) be the first derivative of h**2/2 - 14*h + 3. Determine q(0).
-14
Let v(y) = 2*y - 8. Let p be v(7). Suppose -4*l - p = 18. Let o = l - -2. Let g(r) = -4*r - 6. Determine g(o).
10
Let w(z) be the first derivative of z**2/2 + 2*z - 5. What is w(0)?
2
Let j = 10 - 5. Let w(n) = -4*n**3 - 4*n**2 - 12. Let s(a) = -a**3 + a - 1. Let m(z) = -5*s(z) + w(z). Give m(j).
-7
Let l = -2 - -7. Let x(z) = -z + l + z + 2*z - 3*z. L